)) + -4?
-1
What is the value of 24 - 37 - 1 - (-2 + 0)?
-12
8 + -10 + 9 - ((7 - 9) + 9)
0
What is ((-3 - 3) + 7 - 6) + -9 + -2?
-16
What is the value of 4 - 7 - 1 - (15 + (15 - 29))?
-5
Calculate -8 - (-6 + -2 + (9 - 4)).
-5
Calculate (-3 - -3 - 31) + (20 - (32 - 18)).
-25
(-3 - (-1 - 17)) + 1 - (51 + -47)
12
Calculate 10 + -46 - (-77 - -50).
-9
Evaluate (6 - (-6 + 4 + 8)) + -7.
-7
What is 61 - 69 - ((-6 - 29) + (-1 - -1))?
27
What is the value of 10 + (41 - (75 - 25)) + 1 + 2?
4
Calculate -3 + (12 - 15) + 4.
-2
Evaluate (-7 + -18 - -31) + 12.
18
What is -14 + (0 - -6) + -2 + -1?
-11
6 + (14 - (22 + 0))
-2
What is 440 + -457 - (1 + 21)?
-39
What is the value of -10 - (3 - (-9 + 11))?
-11
Calculate -49 + 51 - (1 - (-3 + 9)).
7
Calculate 2 + 12 + (15 - 9).
20
Calculate 20 + (-3 - (2 + -10)) + -13.
12
Evaluate (-68 - -54) + 1 + 1 + 4 - -4.
-4
What is -2 - (-5 - (5 + -4 + -4 + 4))?
4
Calculate -20 - (-20 - (-15 + -3 + 15)).
-3
Evaluate 133 + -140 + (3 + -3 - -7).
0
Calculate 12 + (-47 - -38 - (-3 + 1)).
5
What is 2 - (12 + (-22 - -3))?
9
-17 + -17 + 9 + -3 + -5
-33
Evaluate -61 - -84 - (27 + 2).
-6
Evaluate 6 - 0 - -17 - 15.
8
What is 22 - (8 + 16) - (0 + 4)?
-6
6 + (-5 - (5 - (14 + -3)))
7
What is 0 - (5 - 0 - (2 - (14 - 4)))?
-13
2 + -8 + 44 + -36
2
What is 70 + 8 + -56 + 12?
34
Calculate 10 + (14 - 26) - -18.
16
What is -2 + 0 - (4 + (-27 - -25)) - -24?
20
Evaluate 0 + (11 - (35 + -27)).
3
-4 + (19 + -4 - (-13 - -13))
11
What is -4 - (10 + -9) - (-12 + 2) - 2?
3
Calculate -4 - (0 + -4 - -4) - 3.
-7
(-14 - -24) + -27 - -12
-5
Evaluate -1 + 10 - (-24 + 4 + 14).
15
-29 - (-35 - 0 - -28)
-22
-11 + -6 + 2 - -10
-5
Calculate -1 - (-14 - (-30 - -3) - 51).
37
9 + (25 + (18 - 29) - 53)
-30
Evaluate (-48 - -2) + 165 + -139.
-20
Calculate 14 + (0 - ((6 - 24) + 11)).
21
Calculate 10 - ((-198 - -227) + -4 + -1).
-14
What is 3 + 3 + -5 + -7 - (7 + -6)?
-7
Calculate 10 - (0 - 2 - (-51 + 40)).
1
Evaluate (14 - (13 + 4)) + -2 + 1 + -3.
-7
What is -46 - (1 - 24) - -4?
-19
What is 19 + (-10 - -7) + -14?
2
Evaluate 4 + 0 - (448 + -434 + (-7 - 0)).
-3
Evaluate -6 - (-3 - -3) - (-10 + (-8 - -21)).
-9
Calculate (9 + 0 + 0 + -2 - -7) + 0.
14
Calculate 9 - (5 - -5) - 12 - -17.
4
Calculate 20 + -49 + 25 - -25.
21
(27 - 17) + (-1 - 2) + 2 + -31
-22
Calculate (5 - (-7 + 14)) + 8 + -4 + 1.
3
What is (415 - 462) + -4 + 6 + 14?
-31
What is the value of -15 - ((-1 - -5 - 2) + -21)?
4
What is the value of -8 - ((-3 - (2 - 3)) + 14)?
-20
Evaluate 13 - (-6 - -4 - -8) - 5.
2
What is the value of (6 - 3 - -2) + (-23 - -5) + 12?
-1
What is -433 - -436 - (1 + -2 - 1)?
5
What is the value of -18 - (7 - 18) - -3 - -2?
-2
Evaluate 24 + 7 - (29 + -12).
14
(-2 - -16) + (-3 + 12 - (34 - 17))
6
What is the value of 2 - 22 - 0 - -26?
6
2 + -17 + 63 + -8 + -28
12
What is (47 - 66) + (20 - 36)?
-35
Evaluate -26 + 1 - (-289 - -275).
-11
Calculate -8 + -11 + 57 + -19.
19
What is -1 - (-7 - (-7 - 9))?
-10
Evaluate (-9 - -7) + -15 - (-3 + 18).
-32
What is -7 + (2 - -5 - (2 - -5))?
-7
What is the value of (0 + -3 + 3 - (0 + -5)) + 6?
11
Calculate -28 - ((15 - (-9 - -29)) + (-5 - 0)).
-18
What is (6 + 0 + -4 - -5) + -1 + 4?
10
What is 39 + -2 + (-1295 - -1231)?
-27
What is the value of (3 + (-15 - -4) - 0) + 0 + 20?
12
Evaluate (-62 - -101) + -21 + -2.
16
Evaluate 5 + 1 - (3 + -9 - -2).
10
Calculate (-35 - (-70 + 30)) + (-41 - (-4 - -1)).
-33
Calculate -5 + (-2 - 7) + 8 - (20 - 1).
-25
What is the value of -5 - (19 + -10 + 2)?
-16
Evaluate 12 - -1 - -25 - 14.
24
What is the value of -5 + -3 + -5 + 7 - (-9 - -1)?
2
What is -6 + 0 - (3 + 5)?
-14
What is -13 - (-10 - (-3 - 2))?
-8
5 + -3 + -12 + 4 + -1 + 2
-5
Calculate 11 - (-13 - -21 - (1 - (-6 + 3))).
7
1 + (-20 - -8) + 23
12
5 - (10 - (13 - (1 - 14)))
21
Evaluate (-7 - (-6 + (7 - 0))) + 21 + -42.
-29
What is the value of (-4 - (10 + 15)) + 0 + 11?
-18
What is the value of -1 + 0 - (-22 + 22 + -12)?
11
-4 + 0 + (4 - -16)
16
Evaluate -2 + -1 - -2 - (-2 + -11 + -1).
13
Calculate 9 + -22 + (-2 - -1).
-14
What is the value of -13 + 0 + 17 + -26 + (1 - -12)?
-9
9 + -31 + (12 - 1) + 25
14
Calculate 1 + -1 + (0 - (-7 + 1)) - -8.
14
Calculate -15 + -35 + 36 + (-4 - -3 - -1).
-14
3 + (32 - (59 - 18))
-6
What is the value of 48 - 49 - (4 + -1)?
-4
What is -13 + 8 + (-12 - -5)?
-12
Calculate 45 - (17 - (-24 + 11)).
15
What is (-4 + 13 - -2) + -6?
5
5 + -8 + -2 + 5 + -10
-10
What is 149 - 168 - (-2 - 6)?
-11
(-32 - 2) + 30 + (-8 - 0) + 1
-11
What is 14 + (1 - 2) - (-40 - -44) - 2?
7
Evaluate (0 - -13) + 26 + -48.
-9
What is 1 + (-3 - -12) + 9 + -8 + -6?
5
What is -2 + -33 + -33 + (51 - 6)?
-23
What is 5 - (0 + 13) - (29 + -33)?
-4
Calculate 23 - (-24 - -8) - 29.
10
Calculate -4 - (-21 + 2) - 18 - -11.
8
Evaluate -9 + (3 + -7 - (-5 - -1) - -7).
-2
Calculate -8 + (7 + -10 - (-16 - 2)).
7
Evaluate -3 - (10 + -1) - (14 - (7 - -1)).
-18
Calculate -3 + (27 + -2 - (10 + -1)).
13
What is (-11 + -8 - -11 - -18) + -7 + -6?
-3
Calculate (-217 - -223) + 2 + -14.
-6
What is the value of (-4 + 29 - 11) + -6?
8
What is the value of (-7 - (10 - 5 - 9)) + 7?
4
Evaluate -16 - (10 + -13 - 3).
-10
Evaluate (3 - 2) + 13 + (17 + -19 - -2).
14
Calculate (-7 - (36 - 41)) + (12 - 0) - -5.
15
-5 + 0 - (-4 - (20 + -14))
5
(27 + 3 - 38) + 10 + -1 + -3
-2
What is the value of 48 + -42 + (-25 - -1) - (1 + 5)?
-24
8 + (-5 + 0 - 11) - -8
0
-16 - (-8 + -3) - (2 + -7) - 5
-5
What is (19 + 0 - (396 - 378)) + (-5 - -1)?
-3
-13 - (-21 + (17 - -9))
-18
Calculate 1 - (0 + (-2 + -4 - 10 - -8)).
9
-1 + -13 - (-153 - -147)
-8
What is 62 + -74 - (-17 - 3)?
8
What is 1 - (22 + 2 + -5)?
-18
0 + -15 - (1029 + -1034)
-10
-26 + (147 - 161 - (2 - 15))
-27
What is the value of (26 - 27) + 1 + -10?
-10
(-136 - -125) + 7 + (1 - 2)
-5
Evaluate -6 - (-8 - (-4 - 10)).
-12
Calculate -8 + 2 + -4 - -16.
6
What is 2 + (-8 - (6 - 11)) - 0?
-1
What is the value of -1 - 1 - (72 - 44 - 29)?
-1
Calculate (-26 - -6) + (4 + -3 - 10) - 0.
-29
What is the value of 11 - 24 - (-15 - (-2 - 2))?
-2
Evaluate (-8 - 3) + (-13 - (-29 + 9)).
-4
Evaluate -9 + (1 - (0 - 1 - -7)).
-14
What is the value of 23 + -1 + -4 + -8 - 24?
-14
What is the value of 16 + -10 + (4 + -15 - -5) + 9?
9
Evaluate (5 - (-1 + -2)) + -5 - 0.
3
What is 1 + 7 + (-7 - (-24 - -25))?
0
Evaluate (0 - (-9 - -18)) + 20.
11
-31 + -2 + (31 - 12)
-14
Evaluate -3 + 3 + (-33 - -3) + 12.
-18
What is the value of -9 - (11 + (28 + -26 - (3 + 8)))?
-11
What is 2 - (11 - 22 - 1 - -5)?
9
Evaluate 11 - ((-5 - -21) + -6) - (-4 - -14).
-9
What is the value of -44 + 75 + -71 + 1 + 8?
-31
Evaluate -6 - (16 - 5 - 8 - 7).
-2
4 - (-6 + 27 + -9 + -14)
6
What is 9 + -14 - (-18 + 1)?
12
What is -2 + -2 - -7 - 14?
-11
-1 - -2 - 12 - ((21 - 23) + 7)
-16
What is the value of (-4 - 2 - (-5 - -6 - 2)) + -5?
-10
What is (-228 - -223) + 0 + (14 - 0)?
9
What is the value of 1 + (-10 - -1) + -171 + 180?
1
What is (42 + -15 - 32) + 0 + 4?
-1
What is the value of 3 + 5 - (-17 - (7 + -14) - 0)?
18
What is the value of 10 - (19 + -29 - (4 - 16))?
8
Evaluate 90 + -66 - (-7 - -24).
7
What is the value of -88 + 91 + 6 + 2 + -1 + 2?
12
Calculate 1494 + -1528 - (-19 - 0).
-15
Calculate -7 + 1 + -1 + -2 + 7 - 4.
-6
Evaluate -3 + -1 + 0 - (16 - (5 - -16)).
1
(1 - 40) + (-1561 - -1576)
-24
What is (1 - 8) + 1 + (-15 - -15 - -21)?
15
What is 1 - (15 - -1) - (-61 - (36 - 92))?
-10
19 + (-93 - -23) + 28
-23
What is the value of -23 + 6 + -10 + -10 + 8?
-29
(2 - 0) + 5 + (80 - 90)
-3
Evaluate (11 - 4) + -4 - -5 - 1.
7
Evaluate 13 - 21 - (0 + (5 - -1) + -36).
22
49 + -69 + 31 + (24 - 1) + 1
35
Calculate (2 - 5 - (8 + 10 + -11)) + 8.
-2
What is the value of (404 - 408) + -1 + 6 - (1 + 3)?
-3
Calculate (-21 - -37) + -5 + 0 + -24.
-13
(-55 - -38) + 10 + 8
1
Evaluate 4 + -6 + (0 - 18) + (-18 - -26).
-12
What is -22 + 1 + (3 - -6) + 37 + -39?
-14
8 + 26 + -3 + 9 + -15
25
Evaluate 1 + -44 + 26 - -2.
-15
What is -6 + 0 + 2 + -4 + 0 + 17?
9
What is 190 - 94 - 104 - (1 - (4 + -1))?
-6
30 + -28 - (11 + -6 - 2) - 11
-12
What is -1 - -6 - (1 + 21 - 22)?
5
1 + -21 + (12 - (26 + (-9 - -6)))
-31
Evaluate (13 - -1 - 9) + 1 + -2.
4
What is -980 + 998 - (1 - -31)?
-14
What is the value of 17 + (-2 + -2 - -5 - 0)?
18
Evaluate (-6 - (-6 - 4)) + (3 - 0) - 4.
3
What is 21 - (19 + 7 + -17)?
12
Evaluate -3 - (-2 + (7 - -3)).
-11
What